ase 9) to base 15
7e571c
Convert 15390a (base 11) to base 7.
2014544
-126ed (base 15) to base 11
-4031a
-2444242424 (base 5) to base 10
-5852864
-876652 (base 9) to base 2
-1111111101111011010
Convert 5b6442 (base 14) to base 9.
5788158
What is -62440 (base 15) in base 2?
-1001100000010100100
What is -1001001111111111011 (base 2) in base 8?
-1117773
Convert -894235 (base 15) to base 14.
-c250d3
What is 200012200 (base 3) in base 12?
7823
What is 494cb7 (base 13) in base 4?
12230001203
Convert -6e5acc (base 15) to base 3.
-100221110201110
-121aa9b (base 15) to base 5
-11311334041
Convert 32001303 (base 5) to base 11.
1717a2
What is -5ba98 (base 13) in base 15?
-35027
133330004 (base 5) to base 15
d761e
Convert 22122212 (base 3) to base 15.
1d0e
Convert 132203330001 (base 4) to base 9.
16060660
What is 21201020000 (base 3) in base 12?
73a16
Convert -2355253 (base 6) to base 13.
-4476c
Convert -671c0 (base 15) to base 9.
-548560
What is 112114 (base 16) in base 15?
17293a
-42293 (base 12) to base 3
-11102001210
What is -9050a (base 14) in base 7?
-2642613
2a4530 (base 13) to base 12
420750
-1e2255 (base 16) to base 4
-13202021111
What is 4452540 (base 6) in base 12?
aa150
What is 113243232 (base 5) in base 15?
a577c
Convert -33112302 (base 4) to base 15.
-13983
Convert -43c6d (base 14) to base 5.
-20224340
What is -77d89c (base 15) in base 2?
-10101110011011101101110
What is 2435311 (base 6) in base 10?
129499
Convert 1010001110010011001 (base 2) to base 12.
141a49
Convert -20000022 (base 3) to base 12.
-2652
Convert 12176400 (base 8) to base 12.
a96628
Convert -46102 (base 10) to base 6.
-553234
-d033 (base 16) to base 11
-37054
What is -3473057 (base 8) in base 11?
-59807a
What is 1111110000010100 (base 2) in base 16?
fc14
-31225051 (base 6) to base 2
-11011101000111110111
What is -1012201102 (base 4) in base 6?
-10105134
Convert 16340 (base 14) to base 11.
38797
What is -111221222000 (base 3) in base 15?
-56656
Convert -109a1 (base 13) to base 12.
-15599
What is -114000002 (base 5) in base 15?
-a761c
Convert 10011001111110001111 (base 2) to base 14.
125b9d
-318b (base 12) to base 11
-40a1
What is 335b9 (base 16) in base 15?
424e1
Convert 12211223003 (base 4) to base 9.
3222208
Convert 25438b7 (base 12) to base 2.
11011110111100101001011
Convert -2741203 (base 8) to base 16.
-bc283
-347a0 (base 16) to base 2
-110100011110100000
Convert 1494055 (base 10) to base 9.
2726411
10010331 (base 5) to base 9
130131
Convert -1000111000010110 (base 2) to base 14.
-d382
-101000001002 (base 3) to base 5
-22244414
Convert -1101011001111110100000 (base 2) to base 10.
-3514272
What is -3100072 (base 10) in base 14?
-5a9a9a
Convert -1012011211 (base 3) to base 7.
-125251
1001001000100010000 (base 2) to base 13
a62b7
What is 4112552 (base 6) in base 7?
1445264
What is 643036 (base 14) in base 6?
200345144
1506949 (base 12) to base 16
40b9c9
-a8c12 (base 14) to base 4
-1203232200
-1356561 (base 7) to base 5
-21314141
What is -401534 (base 6) in base 4?
-13230202
What is 1602574 (base 9) in base 6?
31005321
What is 101000101101001001011 (base 2) in base 7?
14223506
-1101111001100110001001 (base 2) to base 12
-1278809
Convert 112000122122002 (base 3) to base 13.
170c49b
-262655 (base 7) to base 15
-e7e5
Convert -526347 (base 8) to base 7.
-1330116
30335 (base 6) to base 13
1aa2
What is -22220221201 (base 3) in base 11?
-10aa76
-230102003 (base 4) to base 5
-21301004
What is -12d5d45 (base 16) in base 9?
-41142171
1331331101 (base 4) to base 9
865635
What is 733895 (base 10) in base 7?
6144431
What is 35564 (base 11) in base 4?
30200311
36cb2 (base 16) to base 14
5bb10
-31116005 (base 8) to base 5
-3141443131
Convert 6005118 (base 9) to base 14.
5d159b
Convert -59d4e6 (base 15) to base 13.
-b760c3
What is 23212404 (base 5) in base 13?
74991
Convert 3b5cb (base 15) to base 6.
4025032
What is 17681400 (base 9) in base 2?
100001111111100000101011
12122221110 (base 4) to base 8
6325124
What is 186bb49 (base 14) in base 4?
232020320311
What is -1415175 (base 12) in base 6?
-221545025
-1000010111001110 (base 2) to base 13
-1278c
Convert 1ecccc (base 15) to base 3.
2211210102010
-11110011010000111 (base 2) to base 10
-124551
Convert 350370 (base 9) to base 10.
210258
What is -13367c (base 15) in base 2?
-11100001010011011010
-131083 (base 14) to base 7
-5401223
What is 2022111211121 (base 3) in base 12?
4b4081
Convert -848343 (base 9) to base 10.
-504750
What is -392a1 (base 12) in base 5?
-10000134
What is 8b51b4 (base 15) in base 8?
31272470
What is 1001011000100001110 (base 2) in base 11?
1a0009
What is -89514 (base 10) in base 12?
-43976
Convert -11010111101000100110101 (base 2) to base 10.
-7065909
What is 120103102 (base 5) in base 12?
22662a
Convert 102320020 (base 4) to base 9.
127051
Convert -123112102 (base 5) to base 14.
-117bc5
What is 1505143 (base 6) in base 9?
141810
-133311000 (base 4) to base 13
-47454
-1731414 (base 8) to base 5
-112121323
Convert 122017 (base 9) to base 3.
10202000121
What is -4827901 (base 10) in base 14?
-8d9621
-64f3c (base 16) to base 5
-101213000
1232320123 (base 4) to base 10
454171
What is 1c9a7 (base 14) in base 2?
10001111000100111
-18348 (base 15) to base 10
-78368
35211452 (base 6) to base 2
100001010001100011000
Convert 11405205 (base 6) to base 13.
c7451
150736 (base 14) to base 10
731324
-1021ba (base 12) to base 16
-3da9e
-2201112012220 (base 3) to base 15
-1d8c19
Convert -17160a (base 13) to base 10.
-574441
What is 258446 (base 15) in base 16?
1b76a1
-1000220112001201 (base 3) to base 5
-12244102201
What is -32021113201 (base 4) in base 6?
-211252241
What is 10b3295 (base 12) in base 11?
18a9a89
Convert -10011100011111101001011 (base 2) to base 11.
-2992829
Convert -1222222122001 (base 3) to base 13.
-2b2886
2114402 (base 7) to base 16
3e84c
Convert -ee9bb (base 16) to base 11.
-608320
-33011220132 (base 4) to base 11
-2261694
What is 203320123 (base 4) in base 9?
243541
What is -514242 (base 7) in base 8?
-253600
Convert -312042311 (base 5) to base 11.
-7a7827
2713b (base 15) to base 5
13001111
350631 (base 7) to base 5
4001432
Convert -11330122 (base 4) to base 9.
-36351
What is 1a39a08 (base 12) in base 4?
111023311220
Convert 21d8a5 (base 15) to base 5.
403141310
What is -51154 (base 12) in base 15?
-21461
What is 200100121000 (base 3) in base 5?
43030122
Convert 436b (base 12) to base 13.
34c4
-43203310 (base 7) to base 11
-2095307
-332003020 (base 6) to base 14
-b16884
Convert 463902 (base 10) to base 3.
212120100120
44b476 (base 14) to base 4
20322110200
-107886 (base 9) to base 13
-236b8
Convert -80030 (base 9) to base 8.
-146443
What is 11a991 (base 14) in base 4?
2103312003
4c25 (base 15) to base 14
5cb9
2244251 (base 6) to base 4
130011013
What is 130791 (base 16) in base 5?
304401441
2341430 (base 5) to base 8
124545
What is 2214356 (base 7) in base 15?
55cb8
-5a2980 (base 16) to base 2
-10110100010100110000000
Convert 229c8 (base 16) to base 12.
6a060
23312304 (base 6) to base 12
2ab694
What is -1051440 (base 6) in base 12?
-26b80
-1ae3a (base 15) to base 16
-1561c
What is -69102 (base 13) in base 12?
-92866
Convert -1140421341 (base 5) to base 11.
-15641a4
What is -100100111001111001001 (base 2) in base 5?
-302144124
What is 400321 (base 9) in base 8?
715652
What is -1222423202 (base 5) in base 3?
-12112011111200
Convert -644c5 (base 16) to base 13.
-114cb8
-6222445 (base 8) to base 13
-4590c3
What is 706050 (base 8) in base 6?
4552200
What is 5831957 (base 10) in base 8?
26176425
-53264 (base 9) to base 16
-898c
Convert -a653 (base 13) to base 8.
-55014
Convert -10286852 (base 9) to base 5.
-2232133444
What is -1b982bb (base 13) in base 2?
-100011000010101101100101
What is -5b0c (base 15) in base 8?
-45642
bdcdc (base 16) to base 10
777436
Convert -27800 (base 15) to base 14.
-34243
What is -1000111010100010111111 (base 2) in base 7?
-25602202
Convert 21121001122101 (base 3) to base 11.
2307515
What is -2b193 (base 13) in base 5?
-10102303
56a49 (base 11) to base 10
82454
What is 196370 (base 11) in base 2?
1001001100010111110
Convert 11001001110111111 (base 2) to base 13.
38079
Convert 357486 (base 11) to base 3.
1001202202100
Convert -46a437 (base 14) to base 10.
-2410065
What is 313012515 (base 6) 